{"id":11,"date":"2013-12-18T16:27:18","date_gmt":"2013-12-18T15:27:18","guid":{"rendered":"http:\/\/xn--dmv-thringen-ilb.de\/wordpress\/?page_id=11"},"modified":"2017-01-20T14:09:59","modified_gmt":"2017-01-20T13:09:59","slug":"motorrad-biathlon","status":"publish","type":"page","link":"http:\/\/xn--dmv-thringen-ilb.de\/?page_id=11","title":{"rendered":"Motorrad-Biathlon"},"content":{"rendered":"<h1 style=\"text-align: center;\" align=\"center\"><span style=\"text-decoration: underline;\">Viele werden sich fragen, was ist Motorrad-Biathlon? <\/span><\/h1>\n<p align=\"center\">Die Geschichte dieser Motorsportart f\u00fchrt zur\u00fcck in Zeiten, wo noch Hammer und Sichel im Ehrenkranz \u201ein\u201c gewesen sind. Die Fahrer waren Mitglieder der Gesellschaft f\u00fcr Sport und Technik (GST).<br \/>\nDa in diesem Zeitalter Pfeil und Bogen, genauso wie das Fortbewegen ohne motorisierten Untersatz, ziemlich \u201eout\u201c waren , beschlo\u00df man mit dem Luftgewehr zu schie\u00dfen und mit dem Motorrad zu fahren.<br \/>\nJetzt musste nur noch eine geeignete Strecke her. Die Stra\u00dfen hatten ja damals teilweise auch Endurocharakter, trotzdem waren sie nicht anspruchsvoll genug, also ab ins Gel\u00e4nde. Die Strecken sind eine Mischung aus Motocross und Enduro.<br \/>\nDamals wurden die Motorr\u00e4der f\u00fcr die Ewigkeit gebaut, und nicht nach dem Motto &#8222;was lange h\u00e4lt bringt kein Geld&#8220;. So sieht man sie heute noch in den Klassen 1 und 3. Hier wird nach wie vor mit Simson und MZ gefahren, dabei sind vor allem die j\u00fcngeren Racer aber auch \u00e4ltere am Start.<br \/>\nDie anderen 6 Klassen sind in Motorr\u00e4der bis 85ccm, 125ccm (250ccm 4Takt), ab 250ccm (450ccm 4Takt),zwei Seniorenklassen (ab 35Jahre und 45 Jahre) hubraumunbegrenzt und ab 2008 neu in Th\u00fcringen eine Juniorklasse (50ccm, 65ccm und 85ccm) unterteilt.<\/p>\n<p style=\"text-align: center;\">Nun zum Ablauf:<br \/>\nAm Anfang gilt es die Startpr\u00fcfung zu bew\u00e4ltigen.<br \/>\nDas bedeutet, man muss eine Strecke von ca. 30m bis zum Motorrad laufen.<br \/>\nDanach geht es mindestens eine Runde \u00fcber Stock und Stein bevor das Motorrad zum Schie\u00dfen abgestellt werden kann.<br \/>\nMit den 6 Schuss sollte man 5 Scheiben treffen, sonst gibt es f\u00fcr jeden Fehler eine Strafminute. Die Fahrzeit betr\u00e4gt ca. 30-45min.<\/p>\n<p style=\"text-align: center;\">Es sprechen vor allem drei Sachen f\u00fcr den Motorrad-Biathlon, es ist noch bezahlbar (18\u20ac Startgeb\u00fchren in Th\u00fcringen), au\u00dferdem ben\u00f6tigt man keine Lizenz und der Spa\u00df am Fahren steht im Vordergrund.<\/p>\n<p style=\"text-align: center;\">Ach so, wie Biathlon im Winter auf Ski muss man sein Gew\u00e4hr nicht mit sich rumschleppen und sie werden immer vom Veranstalter gestellt. Dies sind meistens Lasergewehre.<\/p>\n","protected":false},"excerpt":{"rendered":"<p>Viele werden sich fragen, was ist Motorrad-Biathlon? Die Geschichte dieser Motorsportart f\u00fchrt zur\u00fcck in Zeiten, wo noch Hammer und Sichel im Ehrenkranz \u201ein\u201c gewesen sind. Die Fahrer waren Mitglieder der Gesellschaft f\u00fcr Sport und Technik (GST). Da in diesem Zeitalter Pfeil und Bogen, genauso wie das Fortbewegen ohne motorisierten Untersatz, ziemlich \u201eout\u201c waren , beschlo\u00df [&hellip;]<\/p>\n","protected":false},"author":2,"featured_media":0,"parent":0,"menu_order":3,"comment_status":"closed","ping_status":"closed","template":"sidebar-page.php","meta":[],"_links":{"self":[{"href":"http:\/\/xn--dmv-thringen-ilb.de\/index.php?rest_route=\/wp\/v2\/pages\/11"}],"collection":[{"href":"http:\/\/xn--dmv-thringen-ilb.de\/index.php?rest_route=\/wp\/v2\/pages"}],"about":[{"href":"http:\/\/xn--dmv-thringen-ilb.de\/index.php?rest_route=\/wp\/v2\/types\/page"}],"author":[{"embeddable":true,"href":"http:\/\/xn--dmv-thringen-ilb.de\/index.php?rest_route=\/wp\/v2\/users\/2"}],"replies":[{"embeddable":true,"href":"http:\/\/xn--dmv-thringen-ilb.de\/index.php?rest_route=%2Fwp%2Fv2%2Fcomments&post=11"}],"version-history":[{"count":49,"href":"http:\/\/xn--dmv-thringen-ilb.de\/index.php?rest_route=\/wp\/v2\/pages\/11\/revisions"}],"predecessor-version":[{"id":1844,"href":"http:\/\/xn--dmv-thringen-ilb.de\/index.php?rest_route=\/wp\/v2\/pages\/11\/revisions\/1844"}],"wp:attachment":[{"href":"http:\/\/xn--dmv-thringen-ilb.de\/index.php?rest_route=%2Fwp%2Fv2%2Fmedia&parent=11"}],"curies":[{"name":"wp","href":"https:\/\/api.w.org\/{rel}","templated":true}]}}